13*s = -3087. What are the prime factors of s?
7
Let q be 2/(-6) - 3/(-9). What are the prime factors of 8 - q/2 - 1?
7
Let g(h) = 5*h**2 + 16*h + 9. Let n(y) = -11*y**2 - 31*y - 19. Let i(p) = 13*g(p) + 6*n(p). What are the prime factors of i(17)?
2, 11
Let v = -420 + 478. What are the prime factors of v?
2, 29
Let g = 216 - 399. Let p = g + 410. What are the prime factors of p?
227
Suppose 3*d - 5*a = 1097, -11*a = 5*d - 8*a - 1817. List the prime factors of d.
2, 7, 13
Suppose -289 = 5*d - 3*v + 2*v, -d - 45 = 3*v. Let y = d - -99. What are the prime factors of y?
2, 3, 7
Let o(f) = 2*f - 4. Let w(p) = 3*p + 16. Let g(c) = -c - 8. Let r(v) = -5*g(v) - 2*w(v). Let s be r(-8). What are the prime factors of o(s)?
2, 7
Suppose 3*z = -57 - 78. What are the prime factors of z/10*(1 - (-47)/(-3))?
2, 3, 11
List the prime factors of 103199/93 - 14/(-6).
2, 139
Suppose q = -4*w + 528, -3*q + 306 = 4*w - 214. List the prime factors of w.
7, 19
Let t(w) be the second derivative of -19*w**3/6 - 29*w**2/2 - 29*w. List the prime factors of t(-5).
2, 3, 11
Let b(n) = -7*n**2. Let s be b(2). Let c = s + -12. Let r = c - -58. What are the prime factors of r?
2, 3
Let f = 94 - 318. Let x = -107 - f. What are the prime factors of x?
3, 13
Suppose -11*p + 6*p = -1800. What are the prime factors of p?
2, 3, 5
Let x be 1 - ((-4)/10 + (-3)/5). Suppose -t = x - 1, -2*t - 4 = -q. What are the prime factors of q?
2
Let g(d) = 4*d**2 - 10*d + 353. List the prime factors of g(17).
13, 103
Let f(y) = -y - 14. Let i be f(-6). Let s(o) = 2*o**2 + 8*o - 3. What are the prime factors of s(i)?
61
Suppose v - 27 - 21 = 0. Suppose -11*y + 7*y = -v. List the prime factors of y.
2, 3
Let v(u) = 177*u**2 - 11*u + 23. List the prime factors of v(3).
1583
Let o be 0/1 - (-1 - 22). Let h = o + -68. List the prime factors of h/(-6)*(1 + 1).
3, 5
Let w(y) = 7*y**2 + y - 16. Let c(j) = 14*j**2 + 2*j - 32. Let m(z) = 3*c(z) - 5*w(z). Let r be m(13). What are the prime factors of r/65 + 2/(-13)?
2, 3
Suppose -1741 = -6*l + 953. What are the prime factors of l?
449
Suppose 3*i - 5*n - 7279 = 0, 0 = 4*i + 3*n + 431 - 10146. List the prime factors of i.
2, 607
List the prime factors of 9/(-21) - (-17100)/63.
271
Let d(g) = -9*g - 3*g - 6*g - 8*g + 11. What are the prime factors of d(-3)?
89
Let v(p) = 412*p**2 - p + 2. What are the prime factors of v(-1)?
5, 83
Suppose 12*u - 16 = 32. Let x(f) = 44*f + 9. What are the prime factors of x(u)?
5, 37
Suppose 283 = 4*w - 3*l - 1941, -3*w - l + 1681 = 0. What are the prime factors of w?
13, 43
Let j = -12 - -7. Let a = j - -2. List the prime factors of (60/9)/((-2)/a).
2, 5
Let n(m) = -m**2 - m - 1. Let y(q) = 12*q**2 + 7*q + 16. Let v(o) = 6*n(o) + y(o). List the prime factors of v(3).
67
Suppose 8*z - 3*h + 19 = 3*z, -2*z - 4 = -3*h. Let w be z + 1 + -16 + 17. List the prime factors of -2 + (0 - (-30 - w)).
5
Let d(i) = -114*i**3 - 2*i**2 + 2*i + 4. Let o be d(-1). Let n = o - 12. List the prime factors of n.
2, 3, 17
Let k(b) = b**2 - 7*b + 6. Let f be k(6). Suppose f = 4*x + m - 43, -5*x - 12 + 72 = -5*m. List the prime factors of x.
11
Suppose -7*l = -2*l - 375. Suppose -4*x - 27 = -l. Suppose -r + 42 - x = 0. List the prime factors of r.
2, 3, 5
Suppose -2*f + 1 = -1. What are the prime factors of -1 - (-29 + f + 3)?
2, 3
Suppose -8*q - 3831 = 257. Let t = -245 - q. What are the prime factors of t?
2, 7, 19
Suppose 0 = v + 2*v - 12. Let f(j) = j + 1. Let n(x) = -6*x + 5. Let y(z) = -f(z) - n(z). List the prime factors of y(v).
2, 7
Let q = -536 - -644. What are the prime factors of q?
2, 3
Let k = 1642 - 775. What are the prime factors of k?
3, 17
Suppose 24*t = 61*t - 777. List the prime factors of t.
3, 7
Let o = 24 - 36. Let y be 1/(-6) - o/72. What are the prime factors of 27 - y/(-2 - -4)?
3
Let j = -1874 + 3540. List the prime factors of j.
2, 7, 17
Suppose 36 - 120 = -14*c. List the prime factors of 1 + (32/c)/(4/114).
3, 17
Let t(h) = -38*h - 464. List the prime factors of t(-25).
2, 3
Suppose -12*d + 2163 = -5*d. What are the prime factors of d?
3, 103
Suppose -u - 8 = -1343. What are the prime factors of u?
3, 5, 89
List the prime factors of 210/168 + 7623/4.
1907
Suppose 3*z - 13 = -1. Suppose 2 = 3*a - z*a, -3*d = -4*a - 14. Suppose -84 = d*f - 6*f. List the prime factors of f.
3, 7
Suppose 35*n - 68906 = -8181. List the prime factors of n.
5, 347
Let t be (77/11)/((-1)/(-5)). Suppose 9*p = 82 + t. List the prime factors of p.
13
List the prime factors of 157/((10/50)/(2/5)).
2, 157
Suppose -4650 = -17*i + 11*i. List the prime factors of i.
5, 31
Let u(f) = 89*f**2 - 6*f + 3. What are the prime factors of u(-5)?
2, 1129
Let d(q) = 2*q**2 + 4*q + 27. What are the prime factors of d(11)?
313
Suppose 1 - 3 = -2*o. Let h be -4 + -3 + 2 + o. Let m = h + 26. What are the prime factors of m?
2, 11
Let u(i) = -4*i**3 + 5*i**2 - 10*i - 28. Let g(o) = o**3 + o**2 - o. Let k(q) = 5*g(q) + u(q). List the prime factors of k(-9).
2, 47
Let l(m) be the second derivative of 0 - 1/12*m**4 - 7/6*m**3 - 5*m + 1/2*m**2. What are the prime factors of l(-4)?
13
Let r(d) = -6*d - d**2 - 3 + 1 - 3 - 4*d. Let w be r(-7). Suppose 3*a - w = -a. List the prime factors of a.
2
Let z(d) = 5*d + 0*d - 15 + 0*d - 2*d. List the prime factors of z(15).
2, 3, 5
Let h be (2 - 1)*-2 + 4. Suppose -h = -u + 1. Suppose -u*x = 44 - 191. List the prime factors of x.
7
Let g = -10 - -12. Suppose -g*z + 14 = -10. List the prime factors of z.
2, 3
Let n = 48 - 70. Let p be 1412/22 - (-4)/n. Suppose -2*j = 4*s - p, -s = j - 3*j + 39. What are the prime factors of j?
2, 11
Let q(t) = 2*t**2 + 4*t + 3. Let n be q(-2). Suppose -n*g = -6*g + 15. Suppose f = g*f - 48. What are the prime factors of f?
2, 3
Let v(i) = i**3 - 3*i**2 + 3*i + 3. Let j = -37 + 40. List the prime factors of v(j).
2, 3
Let l(n) = -121*n - 111. List the prime factors of l(-16).
5, 73
Suppose 0 = -6*q + 11*q - 1020. Let h = q + -122. List the prime factors of h.
2, 41
Suppose v - a - 709 = -5*a, -v + 715 = 2*a. List the prime factors of v.
7, 103
Let o = -50 + -11. Let a = 143 + o. List the prime factors of a.
2, 41
Let x be (-6)/2*1 + -6. Let s = x + 9. Suppose s = 3*b, 5*y - 75 = 3*b - b. What are the prime factors of y?
3, 5
Let a be (75/9)/((-7)/(-462)). Suppose 159 = -2*h + z - a, 3*h - 3*z + 1071 = 0. List the prime factors of h/(-6) - 48/(-36).
2, 3, 5
Let k(i) = -i**3 + 51*i**2 - 129*i + 70. What are the prime factors of k(47)?
2843
Suppose 5*l - 15 = 20. Let s = l + -2. Suppose 2*p + 3*z = 5*z + 26, -s*p + z = -77. What are the prime factors of p?
2
Let u(a) = -5*a**2 - 18*a + 13. Let t be u(-6). Let c = t + 77. What are the prime factors of c?
2, 3
Let q(n) = n**3 - 7*n**2 + 3*n - 4. Let i be q(7). Suppose -i - 13 = -5*v. Suppose v*l + 38 = 434. What are the prime factors of l?
2, 3, 11
Let x = -22 + 17. Let p = 8 - x. What are the prime factors of p?
13
Let t = 2002 + -81. What are the prime factors of t?
17, 113
Let p(b) = 3*b**2 + 47*b + 15. What are the prime factors of p(12)?
3, 337
Let l(d) be the first derivative of 4*d**2 + 4*d + 5. What are the prime factors of l(8)?
2, 17
Suppose -d + t + 6 = 0, 0*d - 3*t - 6 = -d. Suppose d*r = 7*r - 51. What are the prime factors of r?
3, 17
Suppose 16 = 6*d - 8. Suppose d*n - 3*n = 7. Suppose -x = -n - 22. What are the prime factors of x?
29
Let q be 2/(-18)*3*201. What are the prime factors of (7 - 9)*q/2?
67
Let h(r) = -5*r**2 - 6*r + 3. Let w be h(-4). Let j = -25 - w. Suppose j = f - 3*g - 23, -2*f = g - 95. List the prime factors of f.
2, 3
Suppose 1113 = 4*w - f, -w - 3*f + 91 = -197. List the prime factors of w.
3, 31
Let s be (-1 + -4 - -1) + -4 + 41. Let t = s - -45. What are the prime factors of t?
2, 3, 13
Let v(l) = -3 + 63*l**2 + 5 - 4 + 5*l. List the prime factors of v(1).
2, 3, 11
Let o(g) = -349*g - 3. What are the prime factors of o(-4)?
7, 199
Let m(k) = 27*k - 363. What are the prime factors of m(23)?
2, 3, 43
Let u(y) = y**2 + 11*y + 34. Let q be u(-6). What are the prime factors of 2 - ((-576)/27)/(q/42)?
2, 113
Let k be (-38)/(-9) + 18/(-81). Suppose -d + k*m - 3 = 2*m, d + 6 = 5*m. What are the prime factors of d/2*-1*28?
2, 7
Suppose -q + 645 = 3*l, 2564 = 4*q + 5*l - l. List the prime factors of q.
3, 71
Suppose -9*k +